51*a**2 - 2*a - 1807. Determine t(0).
-1807
Let v(o) = -o**2 - 136*o - 1409. Determine v(-10).
-149
Let s(j) = -7461*j - 37097. What is s(-5)?
208
Let a(w) = w**3 - 59*w**2 - 4230*w + 497. Calculate a(-42).
-7
Let o(x) = -26*x**2 - 583*x + 71. Determine o(-23).
-274
Let p(n) = -61753*n + 123405. What is p(2)?
-101
Let g(m) = m**3 - 46*m**2 - 67*m + 946. Determine g(47).
6
Let x(f) = 17105*f - 275080. Determine x(16).
-1400
Let z(b) = -138614*b - 2633663. Give z(-19).
3
Let z(o) = 10*o**2 + 98*o - 4215. Calculate z(-26).
-3
Let h(v) = -65*v**2 - 9116*v + 6903. What is h(-141)?
-6
Let n(l) = -292*l + 4374. What is n(15)?
-6
Let i(r) = 9210*r - 267151. Give i(29).
-61
Let g(r) = r**2 + 113*r - 3198. Determine g(-114).
-3084
Let s(k) = -47*k**2 + 597*k - 219. Calculate s(10).
1051
Let o(y) = -2*y**3 + 17*y**2 + 6187*y - 203. Determine o(60).
217
Let v(q) = -q**2 + 447*q - 32420. Determine v(91).
-24
Let w(c) = -c**2 - 8836*c - 97153. Calculate w(-11).
-78
Let d(b) = -b**3 + 40*b**2 - 311*b - 1192. What is d(25)?
408
Let i(t) = -63*t**2 + 1396*t + 2796. What is i(-2)?
-248
Let w(b) = -456*b + 239198. Give w(525).
-202
Let i(s) = s**3 - 24*s**2 - 21*s + 148. What is i(20)?
-1872
Let w(a) = -31*a**3 - 73*a**2 - 164*a - 18. Calculate w(-5).
2852
Let i(s) = -20*s**2 + 1405*s - 586. Calculate i(70).
-236
Let g(m) = 5738*m + 68796. Determine g(-12).
-60
Let i(j) = 1116*j + 596854. Determine i(-535).
-206
Let j(s) = 198*s**2 - 9309*s + 79. Calculate j(47).
-62
Let a(m) = 85*m**3 - 681*m**2 + 138*m - 1035. Give a(8).
5
Let h(z) = 22*z**2 - 3*z - 29. Calculate h(-4).
335
Let l(x) = x**3 + 6*x**2 - 447*x + 583. Determine l(-25).
-117
Let a(y) = 17*y**3 - 1277*y**2 + 186*y - 2714. Give a(75).
-14
Let w(u) = -6655*u - 86493. What is w(-13)?
22
Let l(z) = 26*z**2 - 16264*z + 97572. Calculate l(6).
924
Let g(m) = 29698*m + 17313936. Calculate g(-583).
2
Let y(p) = -2*p**2 + 56*p + 1464. What is y(-23)?
-882
Let w(l) = 2*l**3 - 98*l**2 - 98*l - 105. What is w(50)?
-5
Let c(w) = 2*w**3 - 829*w**2 + 1139*w + 41302. Calculate c(413).
2
Let j(t) = 4*t**3 + 136*t**2 + 473*t - 215. Give j(-30).
-5
Let j(i) = 3*i**3 - 18*i**2 + 63*i - 184. Calculate j(4).
-28
Let f(u) = 2*u**2 + 291*u + 3619. Determine f(-132).
55
Let s(j) = 168979*j + 6928146. What is s(-41)?
7
Let g(l) = 3*l**3 + 160*l**2 + 167*l - 2213. Calculate g(-52).
-81
Let y(r) = -3*r**3 + 141*r**2 + 53426*r + 205. Give y(-112).
-19
Let s(d) = -d**3 + 250*d**2 + 605*d - 25451. Calculate s(252).
1
Let z(m) = -1967*m + 5065. Give z(3).
-836
Let x(m) = 2*m**2 + 54*m + 225. What is x(-27)?
225
Let l(z) = z**3 - 15*z**2 - 1187*z - 9375. Calculate l(-21).
-324
Let l(o) = -240*o**2 + 1158*o + 9. Give l(5).
-201
Let u(k) = -k + 859. Determine u(181).
678
Let j(n) = -656*n + 445406. Give j(679).
-18
Let q(a) = 73*a**2 + 2261*a - 53. Determine q(-31).
9
Let j(z) = z**3 + 66*z**2 + 840*z - 19. Calculate j(-48).
1133
Let j(c) = 2870*c - 599827. What is j(209)?
3
Let r(i) = -6459*i**2 + 187313*i - 62. What is r(29)?
-4
Let r(x) = -840697*x - 5884907. Determine r(-7).
-28
Let m(x) = x**3 - 125*x**2 + 107*x + 2214. Calculate m(124).
106
Let z(q) = 2530*q + 6411. Determine z(-3).
-1179
Let q(a) = 4*a**3 + 371*a**2 + 3868*a - 79. Give q(-12).
17
Let h(m) = 9013*m + 27031. Give h(-3).
-8
Let n(y) = -11*y**2 + 34*y + 201. Determine n(13).
-1216
Let q(r) = 98*r**3 + 158*r**2 + 22*r - 10. Determine q(-3).
-1300
Let k(m) = 6*m**3 - 292*m**2 + 23*m - 5931. Give k(49).
-2
Let c(y) = -11*y**2 - 92*y + 15. Give c(0).
15
Let y(d) = -60*d**2 - 1950*d + 7874. What is y(4)?
-886
Let k(c) = c**2 + 483*c - 105184. Give k(162).
-694
Let w(g) = g**2 + 156*g - 10625. Calculate w(-207).
-68
Let b(k) = 5*k**3 + 8*k**2 + 22*k - 393. Determine b(6).
1107
Let h(d) = 152*d + 383. Give h(-2).
79
Let b(d) = d**3 - 50*d**2 - 694*d - 134. Calculate b(-11).
119
Let n(u) = -u**2 + 61*u + 330. Calculate n(42).
1128
Let z(q) = -10*q**2 + 7319*q + 14683. What is z(-2)?
5
Let t(v) = 29*v**2 + 183*v - 4734. Determine t(10).
-4
Let g(z) = -2*z**3 + 91*z**2 - 360*z + 164. Calculate g(41).
533
Let l(n) = 2549*n - 107063. Give l(42).
-5
Let c(t) = 12*t**2 - 5086*t + 72861. Calculate c(409).
59
Let v(j) = j**3 + 125*j**2 - 288*j - 2286. Give v(-127).
2032
Let x(g) = 1117*g + 4455. Calculate x(-4).
-13
Let j(n) = 2*n**2 + 168660*n + 337313. Determine j(-2).
1
Let a(h) = h**2 - 12032*h - 84231. Determine a(-7).
42
Let b(u) = 106*u - 7563. What is b(64)?
-779
Let c(g) = -3*g**3 + 5*g**2 - 5*g + 2. Calculate c(5).
-273
Let p(h) = h**3 - 91*h**2 - 2089*h + 398. What is p(110)?
508
Let l(t) = -t**2 - 381*t - 17869. What is l(-327)?
-211
Let o(z) = z**2 + 23482*z - 187920. Calculate o(8).
0
Let p(o) = -o**3 + 636*o**2 - 30361*o - 4101. Determine p(584).
-13
Let w(g) = -4*g**2 + 40039*g + 440822. Give w(-11).
-91
Let p(z) = -33199*z + 33201. Determine p(1).
2
Let l(m) = 2*m**2 + 89*m + 949. Give l(-16).
37
Let h(x) = x**3 - 192*x**2 + 42839*x - 8145774. What is h(191)?
-6
Let u(r) = 16*r**2 - 1019*r + 751. Give u(62).
-923
Let a(u) = 7*u**3 - 154*u**2 + 235*u + 899. Give a(20).
-1
Let t(h) = -h**2 + 43*h + 1508. Give t(-45).
-2452
Let j(u) = 2*u**3 - 258*u**2 - 338*u + 43754. Determine j(129).
152
Let s(p) = 7945*p - 802709. Determine s(101).
-264
Let o(s) = -7*s**3 - 278*s**2 + 92*s + 418. Give o(-40).
-62
Let z(a) = 121*a**3 - 3*a**2 - 29*a + 164. What is z(3)?
3317
Let j(a) = 252486*a + 2019895. Calculate j(-8).
7
Let u(b) = -386*b**2 + 124291*b + 331. Give u(322).
9
Let w(n) = 28*n**2 + 304*n - 32612. What is w(-40)?
28
Let v(u) = -36565*u + 109751. Calculate v(3).
56
Let s(g) = -3*g**3 + 51*g**2 + 86*g - 409. What is s(19)?
-941
Let b(c) = -c**3 - 300*c**2 - 1466*c + 2679. Calculate b(-295).
24
Let z(l) = -2*l**2 + 156*l - 3072. Determine z(46).
-128
Let h(f) = 4833*f + 5137. Give h(-1).
304
Let x(n) = -n**2 - 4952*n + 1300496. Give x(250).
-4
Let f(q) = q**2 + 239*q + 6840. Determine f(-32).
216
Let w(d) = 6*d**2 + 544*d + 12709. Calculate w(-24).
3109
Let c(w) = -4256177*w + 8512350. Calculate c(2).
-4
Let a(i) = 330*i**2 + 78930*i - 64801. Calculate a(-240).
-1
Let o(u) = u**3 - 112*u**2 + 2929*u - 806. Determine o(71).
472
Let l(g) = 6*g**3 + 5507*g**2 + 4636*g + 46808. Calculate l(-917).
41
Let p(o) = -359*o + 4685. Give p(15).
-700
Let m(l) = 33*l**2 - 2526*l + 1400. Calculate m(76).
32
Let n(p) = -2*p**3 + 2*p**2 - 3*p + 78. Calculate n(6).
-300
Let l(a) = 3*a**3 + 526*a**2 - 363*a - 449. Calculate l(-176).
1487
Let x(b) = -24*b**2 - 310*b + 705. What is x(-16)?
-479
Let w(z) = 2274*z + 15940. Give w(-7).
22
Let l(q) = 122*q - 60337. Determine l(495).
53
Let x(q) = -923*q + 3977. Calculate x(4).
285
Let l(c) = c**3 + 12*c**2 - 601*c + 2305. What is l(4)?
157
Let v(z) = 4*z**3 - 267*z**2 - 65*z - 50. Determine v(67).
84
Let p(v) = 11893*v + 392163. What is p(-33)?
-306
Let g(p) = 3*p**2 + 2148*p - 9. Give g(0).
-9
Let d(i) = -3*i**3 + 1057*i**2 - 4173*i - 22. Calculate d(4).
6
Let b(z) = 81*z**3 + 485*z**2 - 8*z + 20. Determine b(-6).
32
Let l(t) = 10141*t + 90974. Give l(-9).
-295
Let i(f) = -2*f**3 + 58*f**2 - 49*f - 264. What is i(9)?
2535
Let w(k) = 5078*k - 106425. Determine w(21).
213
Let i(a) = 763*a - 6100. What is i(8)?
4
Let m(o) = -44*o**2 + 50*o + 414. Calculate m(-7).
-2092
Let s(c) = c**3 - 148*c**2 + 17*c - 1374. What is s(148)?
1142
Let b(j) = -2*j**3 - 123*j**2 + 102*j + 2459. Calculate b(-62).
-21
Let g(m) = -m**3 + 74*m**2 - 18967*m + 1453051. What is g(76)?
7
Let o(b) = 7797*b - 5771. Determine o(1).
2026
Let n(t) = -2*t**3 + 40*t**2 + 68828*t - 1308454. Determine n(19).
0
Let o(c) = c**3 - 22*c**2 + 204*c - 1192. Calculate o(13).
-61
Let i(n) = n**3 - 84*n**2 - 395*n + 3489. Calculate i(88).
-295
Let d(h) = -133*h - 1081. Give d(-9).
116
Let f(v) = -185*v + 196. Determine f(3).
-359
Let a(f) = 85*f**2 - 4340*f + 186. Determine a(51).
-69
Let u(y) = -1430*y**2 - 6373*y + 10. Calculate u(-3).
6259
Let s(f) = -304547*f - 304553. Give s(-1).
-6
Let k(t) = -t**2 + 8227*t + 656102. What is k(-79)?
-72
Let o(c) = -21*c**3 + 1546*c**2 - 1522*c - 24. What is o(1)?
-21
Let b(p) = -103125*p - 18974991. What is b(-184)?
9
Let v(m) = -m**3 + 11*m**2 - 126*m + 782. Determine v(8).
-34
Let l(a) = -38*a**3 - 564*a**2 + 11*a + 125. What is l(-15)?
1310
Le